{"id":6451,"date":"2026-05-14T15:43:02","date_gmt":"2026-05-14T18:43:02","guid":{"rendered":"https:\/\/ggsveiculosantigos.com.br\/?post_type=product&#038;p=6451"},"modified":"2026-05-14T15:43:03","modified_gmt":"2026-05-14T18:43:03","slug":"passat-gts-pointer-1987","status":"publish","type":"product","link":"https:\/\/ggsveiculosantigos.com.br\/?product=passat-gts-pointer-1987","title":{"rendered":"Passat GTS Pointer 1987"},"content":{"rendered":"","protected":false},"excerpt":{"rendered":"<ul>\n<li>Passat GTS Pointer 1987<br \/>\n\u2022 Motor 1.8<\/li>\n<li>\u00c1lcool<\/li>\n<li>Placa preta<\/li>\n<li>Ar condicionado gelando<\/li>\n<li>Rara cor verde esmeralda (pouqu\u00edssimas unidades fabricadas nessa cor)<br \/>\n\u2022 Vidros originais<\/li>\n<li>Manual do propriet\u00e1rio, chave reserva, certificado de originalidade, doctos antigos<\/li>\n<li>Rodas Snow Flakes aro 14<\/li>\n<li>4 pneus novos<\/li>\n<li>Motor e c\u00e2mbio em perfeito estado<br \/>\n\u2022 Bancos Recaros<br \/>\n\u2022 interna geral impec\u00e1vel<\/li>\n<li>Veiculo honesto com pre\u00e7o justo<\/li>\n<li>Estou em Mogi das Cruzes &#8211; SP<br \/>\n\u2022 Valor de R$ 46.900,00<\/li>\n<li>Parcelo em at\u00e9 18x no cart\u00e3o de Cr\u00e9dito com juros da maquininha<\/li>\n<\/ul>\n<p>INSTAGRAM<\/p>\n<p>@ggsveiculosantigos<\/p>\n<p>\u2022 SITE<br \/>\n\u2022 https:\/\/ggsveiculosantigos.com.br\/<\/p>\n<p>\u2022 TEL.\/ZAP: 11 2312-4596<\/p>\n","protected":false},"featured_media":6459,"template":"","meta":{"_joinchat":[]},"product_cat":[29],"product_tag":[],"_links":{"self":[{"href":"https:\/\/ggsveiculosantigos.com.br\/index.php?rest_route=\/wp\/v2\/product\/6451"}],"collection":[{"href":"https:\/\/ggsveiculosantigos.com.br\/index.php?rest_route=\/wp\/v2\/product"}],"about":[{"href":"https:\/\/ggsveiculosantigos.com.br\/index.php?rest_route=\/wp\/v2\/types\/product"}],"wp:featuredmedia":[{"embeddable":true,"href":"https:\/\/ggsveiculosantigos.com.br\/index.php?rest_route=\/wp\/v2\/media\/6459"}],"wp:attachment":[{"href":"https:\/\/ggsveiculosantigos.com.br\/index.php?rest_route=%2Fwp%2Fv2%2Fmedia&parent=6451"}],"wp:term":[{"taxonomy":"product_cat","embeddable":true,"href":"https:\/\/ggsveiculosantigos.com.br\/index.php?rest_route=%2Fwp%2Fv2%2Fproduct_cat&post=6451"},{"taxonomy":"product_tag","embeddable":true,"href":"https:\/\/ggsveiculosantigos.com.br\/index.php?rest_route=%2Fwp%2Fv2%2Fproduct_tag&post=6451"}],"curies":[{"name":"wp","href":"https:\/\/api.w.org\/{rel}","templated":true}]}}