{"id":5539,"date":"2026-03-10T12:15:48","date_gmt":"2026-03-10T15:15:48","guid":{"rendered":"https:\/\/ggsveiculosantigos.com.br\/?post_type=product&#038;p=5539"},"modified":"2026-03-10T12:16:45","modified_gmt":"2026-03-10T15:16:45","slug":"belina-l-1986","status":"publish","type":"product","link":"https:\/\/ggsveiculosantigos.com.br\/?product=belina-l-1986","title":{"rendered":"Belina L 1986 Bege"},"content":{"rendered":"","protected":false},"excerpt":{"rendered":"<p>Belina L 1986<\/p>\n<p>Carro todo original<\/p>\n<p>Manual do propriet\u00e1rio<\/p>\n<p>Chave reserva<\/p>\n<p>Motor CHT 1.6<\/p>\n<p>\u00c1lcool<\/p>\n<p>4 pneus em excelente estado<\/p>\n<p>Pintura original (em boa parte do carro)<\/p>\n<p>Far\u00f3is originais Arteb<\/p>\n<p>Vidros originais<\/p>\n<p>Forra\u00e7\u00e3o de portas em perfeito estado originais<\/p>\n<p>Forra\u00e7\u00e3o de teto original<\/p>\n<p>Bancos originais sem detalhes<\/p>\n<p>C\u00e2mbio 5 marchas<\/p>\n<p>Perfeita de lataria e pintura<\/p>\n<p>O carro possui todos os frisos em perfeito estado<\/p>\n<p>Vai junto varias nfs de servi\u00e7os feito no carro.<\/p>\n<p>Selada de frente e traseira<\/p>\n<p>Carro de Vov\u00f4<\/p>\n<p>Vem pra GGS Garage aqui voc\u00ea pode!!!<\/p>\n<p>R$ 31.500,00<\/p>\n<p>J\u00e1 posso enviar com o certificado para as placas pretas!<\/p>\n<p>* Parcelo em at\u00e9 18x no cart\u00e3o de Cr\u00e9dito com juros baixos da maquina<\/p>\n<p>* Ve\u00edculo est\u00e1 em Mogi das Cruzes &#8211; SP<\/p>\n<p>* SITE<\/p>\n<p>* https:\/\/ggsveiculosantigos.com.br\/<\/p>\n<p>* TEL.\/ZAP: 11 2312-4596\u2022<\/p>\n","protected":false},"featured_media":5544,"template":"","meta":{"_joinchat":[]},"product_cat":[26],"product_tag":[],"_links":{"self":[{"href":"https:\/\/ggsveiculosantigos.com.br\/index.php?rest_route=\/wp\/v2\/product\/5539"}],"collection":[{"href":"https:\/\/ggsveiculosantigos.com.br\/index.php?rest_route=\/wp\/v2\/product"}],"about":[{"href":"https:\/\/ggsveiculosantigos.com.br\/index.php?rest_route=\/wp\/v2\/types\/product"}],"wp:featuredmedia":[{"embeddable":true,"href":"https:\/\/ggsveiculosantigos.com.br\/index.php?rest_route=\/wp\/v2\/media\/5544"}],"wp:attachment":[{"href":"https:\/\/ggsveiculosantigos.com.br\/index.php?rest_route=%2Fwp%2Fv2%2Fmedia&parent=5539"}],"wp:term":[{"taxonomy":"product_cat","embeddable":true,"href":"https:\/\/ggsveiculosantigos.com.br\/index.php?rest_route=%2Fwp%2Fv2%2Fproduct_cat&post=5539"},{"taxonomy":"product_tag","embeddable":true,"href":"https:\/\/ggsveiculosantigos.com.br\/index.php?rest_route=%2Fwp%2Fv2%2Fproduct_tag&post=5539"}],"curies":[{"name":"wp","href":"https:\/\/api.w.org\/{rel}","templated":true}]}}