{"id":4792,"date":"2025-11-19T17:51:03","date_gmt":"2025-11-19T20:51:03","guid":{"rendered":"https:\/\/ggsveiculosantigos.com.br\/?post_type=product&#038;p=4792"},"modified":"2025-11-19T17:51:04","modified_gmt":"2025-11-19T20:51:04","slug":"variant-ii-78-bege","status":"publish","type":"product","link":"https:\/\/ggsveiculosantigos.com.br\/?product=variant-ii-78-bege","title":{"rendered":"Variant II 78 Bege"},"content":{"rendered":"","protected":false},"excerpt":{"rendered":"<ul>\n<li>Variant II 78<\/li>\n<li>Placa preta com certificado de originalidade<\/li>\n<li>Carro com manual do propriet\u00e1rio<\/li>\n<li>Far\u00f3is Arteb originais<\/li>\n<li>Lanternas traseiras Originais VW<\/li>\n<li>Setas originais VW<\/li>\n<li>Interna impec\u00e1vel toda original<\/li>\n<li>Bancos Impec\u00e1veis todos originais<\/li>\n<li>N\u00e3o bate nada o carro, roda liso, liso!<\/li>\n<li>Forra\u00e7\u00e3o de portas impec\u00e1veis originais<\/li>\n<li>Frisos laterais originais<\/li>\n<li>selada de frente e traseira<\/li>\n<li>Carro 100% lindo<\/li>\n<li>Lisa de lata<\/li>\n<li>Tape\u00e7aria perfeita, impec\u00e1vel<\/li>\n<li>Valor R$ 37.900,00<\/li>\n<li>Parcelo em at\u00e9 18x no cart\u00e3o de Cr\u00e9dito com juros baixos da maquina<\/li>\n<li>Veiculo est\u00e1 em Mogi das Cruzes &#8211; SP<\/li>\n<li>INSTAGRAM<\/li>\n<li>SITE<\/li>\n<li><a href=\"https:\/\/ggsveiculosantigos.com.br\/\">https:\/\/ggsveiculosantigos.com.br\/<\/a><\/li>\n<li>TEL.\/ZAP: 11 2312-4596<\/li>\n<\/ul>\n","protected":false},"featured_media":4818,"template":"","meta":{"_joinchat":[]},"product_cat":[29],"product_tag":[],"_links":{"self":[{"href":"https:\/\/ggsveiculosantigos.com.br\/index.php?rest_route=\/wp\/v2\/product\/4792"}],"collection":[{"href":"https:\/\/ggsveiculosantigos.com.br\/index.php?rest_route=\/wp\/v2\/product"}],"about":[{"href":"https:\/\/ggsveiculosantigos.com.br\/index.php?rest_route=\/wp\/v2\/types\/product"}],"wp:featuredmedia":[{"embeddable":true,"href":"https:\/\/ggsveiculosantigos.com.br\/index.php?rest_route=\/wp\/v2\/media\/4818"}],"wp:attachment":[{"href":"https:\/\/ggsveiculosantigos.com.br\/index.php?rest_route=%2Fwp%2Fv2%2Fmedia&parent=4792"}],"wp:term":[{"taxonomy":"product_cat","embeddable":true,"href":"https:\/\/ggsveiculosantigos.com.br\/index.php?rest_route=%2Fwp%2Fv2%2Fproduct_cat&post=4792"},{"taxonomy":"product_tag","embeddable":true,"href":"https:\/\/ggsveiculosantigos.com.br\/index.php?rest_route=%2Fwp%2Fv2%2Fproduct_tag&post=4792"}],"curies":[{"name":"wp","href":"https:\/\/api.w.org\/{rel}","templated":true}]}}