{"id":31,"date":"2021-03-04T22:12:02","date_gmt":"2021-03-04T22:12:02","guid":{"rendered":"https:\/\/ggsveiculosantigos.com.br\/?page_id=31"},"modified":"2023-05-26T16:29:01","modified_gmt":"2023-05-26T19:29:01","slug":"empresa","status":"publish","type":"page","link":"https:\/\/ggsveiculosantigos.com.br\/?page_id=31","title":{"rendered":"EMPRESA"},"content":{"rendered":"\t\t<div data-elementor-type=\"wp-page\" data-elementor-id=\"31\" class=\"elementor elementor-31\">\n\t\t\t\t\t\t\t\t\t<section class=\"elementor-section elementor-top-section elementor-element elementor-element-999637e elementor-section-stretched elementor-section-boxed elementor-section-height-default elementor-section-height-default\" data-id=\"999637e\" data-element_type=\"section\" data-settings=\"{&quot;stretch_section&quot;:&quot;section-stretched&quot;,&quot;background_background&quot;:&quot;classic&quot;}\">\n\t\t\t\t\t\t<div class=\"elementor-container elementor-column-gap-default\">\n\t\t\t\t\t<div class=\"elementor-column elementor-col-100 elementor-top-column elementor-element elementor-element-088ccf3\" data-id=\"088ccf3\" data-element_type=\"column\">\n\t\t\t<div class=\"elementor-widget-wrap elementor-element-populated\">\n\t\t\t\t\t\t\t\t<section class=\"elementor-section elementor-inner-section elementor-element elementor-element-12ba230 elementor-section-full_width elementor-section-height-default elementor-section-height-default\" data-id=\"12ba230\" data-element_type=\"section\" data-settings=\"{&quot;background_background&quot;:&quot;classic&quot;}\">\n\t\t\t\t\t\t<div class=\"elementor-container elementor-column-gap-default\">\n\t\t\t\t\t<div class=\"elementor-column elementor-col-100 elementor-inner-column elementor-element elementor-element-f8dd41c\" data-id=\"f8dd41c\" data-element_type=\"column\">\n\t\t\t<div class=\"elementor-widget-wrap elementor-element-populated\">\n\t\t\t\t\t\t\t\t<div class=\"elementor-element elementor-element-89aa72b elementor-widget elementor-widget-heading\" data-id=\"89aa72b\" data-element_type=\"widget\" data-widget_type=\"heading.default\">\n\t\t\t\t<div class=\"elementor-widget-container\">\n\t\t\t<h2 class=\"elementor-heading-title elementor-size-default\">GARAGE<\/h2>\t\t<\/div>\n\t\t\t\t<\/div>\n\t\t\t\t\t<\/div>\n\t\t<\/div>\n\t\t\t\t\t\t\t<\/div>\n\t\t<\/section>\n\t\t\t\t<section class=\"elementor-section elementor-inner-section elementor-element elementor-element-66cbf96 elementor-section-boxed elementor-section-height-default elementor-section-height-default\" data-id=\"66cbf96\" data-element_type=\"section\">\n\t\t\t\t\t\t<div class=\"elementor-container elementor-column-gap-default\">\n\t\t\t\t\t<div class=\"elementor-column elementor-col-50 elementor-inner-column elementor-element elementor-element-3106f7a\" data-id=\"3106f7a\" data-element_type=\"column\">\n\t\t\t<div class=\"elementor-widget-wrap elementor-element-populated\">\n\t\t\t\t\t\t\t\t<div class=\"elementor-element elementor-element-5746e20 elementor-widget elementor-widget-heading\" data-id=\"5746e20\" data-element_type=\"widget\" data-widget_type=\"heading.default\">\n\t\t\t\t<div class=\"elementor-widget-container\">\n\t\t\t<h2 class=\"elementor-heading-title elementor-size-default\">GGS \u00e9 uma garage especializa em ve\u00edculos antigos dos anos 60\/70\/80 e 90.\nA GGS garage tem o compromisso de realizar o sonho de quem quer ter um autom\u00f3vel antigo com qualidade e um pre\u00e7o justo, sem valores exorbitantes que vemos por ai nesse mercado.\nA garage foi criada a partir da equipe de amigos GG\u2019s, equipe essa que sempre se reuni\u00e3o nos encontros de carros antigos pelo auto Ti\u00eate em S\u00e3o Paulo.\nO nome GGS saiu da equipe que quando foi tirado o tamanho de cada integrante para a confec\u00e7\u00e3o das camisas se percebeu que em sua maioria usavam o tamanho GG, sendo assim nasceu o nome GGS (v\u00e1rios amigos tamanho GG reunidos), que posteriormente tamb\u00e9m foi utilizado na garage.<br>Entusiastas, encontro de antigos, consultoria em antigomobilismo, venda particular de antigos.\n<\/h2>\t\t<\/div>\n\t\t\t\t<\/div>\n\t\t\t\t\t<\/div>\n\t\t<\/div>\n\t\t\t\t<div class=\"elementor-column elementor-col-50 elementor-inner-column elementor-element elementor-element-41bc5c4\" data-id=\"41bc5c4\" data-element_type=\"column\">\n\t\t\t<div class=\"elementor-widget-wrap elementor-element-populated\">\n\t\t\t\t\t\t\t\t<div class=\"elementor-element elementor-element-1306dca elementor-widget elementor-widget-image\" data-id=\"1306dca\" data-element_type=\"widget\" data-widget_type=\"image.default\">\n\t\t\t\t<div class=\"elementor-widget-container\">\n\t\t\t\t\t\t\t\t\t\t\t\t\t\t\t<img width=\"768\" height=\"543\" src=\"https:\/\/ggsveiculosantigos.com.br\/wp-content\/uploads\/2023\/05\/WhatsApp-Image-2023-05-26-at-15.05.10-768x543.jpeg\" class=\"attachment-medium_large size-medium_large\" alt=\"\" loading=\"lazy\" srcset=\"https:\/\/ggsveiculosantigos.com.br\/wp-content\/uploads\/2023\/05\/WhatsApp-Image-2023-05-26-at-15.05.10-768x543.jpeg 768w, https:\/\/ggsveiculosantigos.com.br\/wp-content\/uploads\/2023\/05\/WhatsApp-Image-2023-05-26-at-15.05.10-300x212.jpeg 300w, https:\/\/ggsveiculosantigos.com.br\/wp-content\/uploads\/2023\/05\/WhatsApp-Image-2023-05-26-at-15.05.10-1024x724.jpeg 1024w, https:\/\/ggsveiculosantigos.com.br\/wp-content\/uploads\/2023\/05\/WhatsApp-Image-2023-05-26-at-15.05.10-600x424.jpeg 600w, https:\/\/ggsveiculosantigos.com.br\/wp-content\/uploads\/2023\/05\/WhatsApp-Image-2023-05-26-at-15.05.10.jpeg 1080w\" sizes=\"(max-width: 768px) 100vw, 768px\" \/>\t\t\t\t\t\t\t\t\t\t\t\t\t\t\t<\/div>\n\t\t\t\t<\/div>\n\t\t\t\t<div class=\"elementor-element elementor-element-63f2954 elementor-shape-rounded elementor-grid-0 e-grid-align-center elementor-widget elementor-widget-social-icons\" data-id=\"63f2954\" data-element_type=\"widget\" data-widget_type=\"social-icons.default\">\n\t\t\t\t<div class=\"elementor-widget-container\">\n\t\t\t\t\t<div class=\"elementor-social-icons-wrapper elementor-grid\">\n\t\t\t\t\t\t\t<span class=\"elementor-grid-item\">\n\t\t\t\t\t<a class=\"elementor-icon elementor-social-icon elementor-social-icon-facebook elementor-repeater-item-cbdd93a\" href=\"https:\/\/www.facebook.com\/ggs_veiculosantigos-103813515017046\" target=\"_blank\">\n\t\t\t\t\t\t<span class=\"elementor-screen-only\">Facebook<\/span>\n\t\t\t\t\t\t<i class=\"fab fa-facebook\"><\/i>\t\t\t\t\t<\/a>\n\t\t\t\t<\/span>\n\t\t\t\t\t\t\t<span class=\"elementor-grid-item\">\n\t\t\t\t\t<a class=\"elementor-icon elementor-social-icon elementor-social-icon-instagram elementor-repeater-item-e21c052\" href=\"https:\/\/www.instagram.com\/ggs_veiculosantigos\/\" target=\"_blank\">\n\t\t\t\t\t\t<span class=\"elementor-screen-only\">Instagram<\/span>\n\t\t\t\t\t\t<i class=\"fab fa-instagram\"><\/i>\t\t\t\t\t<\/a>\n\t\t\t\t<\/span>\n\t\t\t\t\t\t\t<span class=\"elementor-grid-item\">\n\t\t\t\t\t<a class=\"elementor-icon elementor-social-icon elementor-social-icon-youtube elementor-repeater-item-f6d349e\" target=\"_blank\">\n\t\t\t\t\t\t<span class=\"elementor-screen-only\">Youtube<\/span>\n\t\t\t\t\t\t<i class=\"fab fa-youtube\"><\/i>\t\t\t\t\t<\/a>\n\t\t\t\t<\/span>\n\t\t\t\t\t<\/div>\n\t\t\t\t<\/div>\n\t\t\t\t<\/div>\n\t\t\t\t\t<\/div>\n\t\t<\/div>\n\t\t\t\t\t\t\t<\/div>\n\t\t<\/section>\n\t\t\t\t\t<\/div>\n\t\t<\/div>\n\t\t\t\t\t\t\t<\/div>\n\t\t<\/section>\n\t\t\t\t\t\t\t<\/div>\n\t\t","protected":false},"excerpt":{"rendered":"<p>GARAGE GGS \u00e9 uma garage especializa em ve\u00edculos antigos dos anos 60\/70\/80 e 90. A GGS garage tem o compromisso de realizar o sonho de quem quer ter um autom\u00f3vel antigo com qualidade e um pre\u00e7o justo, sem valores exorbitantes que vemos por ai nesse mercado. A garage foi criada a partir da equipe de [&hellip;]<\/p>\n","protected":false},"author":1,"featured_media":0,"parent":0,"menu_order":0,"comment_status":"closed","ping_status":"closed","template":"","meta":{"_joinchat":[]},"_links":{"self":[{"href":"https:\/\/ggsveiculosantigos.com.br\/index.php?rest_route=\/wp\/v2\/pages\/31"}],"collection":[{"href":"https:\/\/ggsveiculosantigos.com.br\/index.php?rest_route=\/wp\/v2\/pages"}],"about":[{"href":"https:\/\/ggsveiculosantigos.com.br\/index.php?rest_route=\/wp\/v2\/types\/page"}],"author":[{"embeddable":true,"href":"https:\/\/ggsveiculosantigos.com.br\/index.php?rest_route=\/wp\/v2\/users\/1"}],"replies":[{"embeddable":true,"href":"https:\/\/ggsveiculosantigos.com.br\/index.php?rest_route=%2Fwp%2Fv2%2Fcomments&post=31"}],"version-history":[{"count":67,"href":"https:\/\/ggsveiculosantigos.com.br\/index.php?rest_route=\/wp\/v2\/pages\/31\/revisions"}],"predecessor-version":[{"id":1976,"href":"https:\/\/ggsveiculosantigos.com.br\/index.php?rest_route=\/wp\/v2\/pages\/31\/revisions\/1976"}],"wp:attachment":[{"href":"https:\/\/ggsveiculosantigos.com.br\/index.php?rest_route=%2Fwp%2Fv2%2Fmedia&parent=31"}],"curies":[{"name":"wp","href":"https:\/\/api.w.org\/{rel}","templated":true}]}}